{"id":12,"date":"2025-10-01T11:56:38","date_gmt":"2025-10-01T09:56:38","guid":{"rendered":"https:\/\/cmrt-team.fr\/?page_id=12"},"modified":"2025-10-30T10:36:06","modified_gmt":"2025-10-30T09:36:06","slug":"acceuil","status":"publish","type":"page","link":"https:\/\/cmrt-team.fr\/","title":{"rendered":"Accueil"},"content":{"rendered":"\n<div class=\"wp-block-cover alignfull\" style=\"min-height:415px;aspect-ratio:unset;\"><img fetchpriority=\"high\" decoding=\"async\" width=\"1024\" height=\"683\" class=\"wp-block-cover__image-background wp-image-34 size-large\" alt=\"\" src=\"https:\/\/cmrt-team.fr\/wp-content\/uploads\/2025\/10\/IMG-20250710-WA0025-1024x683.jpg\" data-object-fit=\"cover\" srcset=\"https:\/\/cmrt-team.fr\/wp-content\/uploads\/2025\/10\/IMG-20250710-WA0025-1024x683.jpg 1024w, https:\/\/cmrt-team.fr\/wp-content\/uploads\/2025\/10\/IMG-20250710-WA0025-300x200.jpg 300w, https:\/\/cmrt-team.fr\/wp-content\/uploads\/2025\/10\/IMG-20250710-WA0025-768x512.jpg 768w, https:\/\/cmrt-team.fr\/wp-content\/uploads\/2025\/10\/IMG-20250710-WA0025-1200x800.jpg 1200w, https:\/\/cmrt-team.fr\/wp-content\/uploads\/2025\/10\/IMG-20250710-WA0025.jpg 1317w\" sizes=\"(max-width: 1024px) 100vw, 1024px\" \/><span aria-hidden=\"true\" class=\"wp-block-cover__background has-background-dim\" style=\"background-color:#384336\"><\/span><div class=\"wp-block-cover__inner-container is-layout-constrained wp-block-cover-is-layout-constrained\">\n<h2 class=\"wp-block-heading has-text-align-left has-large-font-size\"><em><strong>CMRT \u2013 PERFORMANCE, PASSION &amp; PRECISION<\/strong><\/em><\/h2>\n\n\n\n<blockquote class=\"wp-block-quote is-layout-flow wp-block-quote-is-layout-flow\">\n<p><em>CMRT vous accompagne dans la pr\u00e9paration, la mise au point et la location de v\u00e9hicules de comp\u00e9tition.<\/em><\/p>\n<\/blockquote>\n\n\n\n<div class=\"wp-block-buttons is-layout-flex wp-block-buttons-is-layout-flex\">\n<div class=\"wp-block-button\"><a class=\"wp-block-button__link wp-element-button\" href=\"https:\/\/cmrt-team.fr\/?page_id=16\">NOS SERVICES<\/a><\/div>\n<\/div>\n<\/div><\/div>\n\n\n\n<div class=\"wp-block-columns alignfull is-layout-flex wp-container-core-columns-is-layout-9d6595d7 wp-block-columns-is-layout-flex\">\n<div class=\"wp-block-column is-layout-flow wp-block-column-is-layout-flow\">\n<h5 class=\"wp-block-heading has-text-align-center\">Entretien<\/h5>\n\n\n<div class=\"wp-block-image\">\n<figure class=\"aligncenter size-full is-resized\"><img decoding=\"async\" width=\"107\" height=\"101\" src=\"https:\/\/cmrt-team.fr\/wp-content\/uploads\/2025\/10\/Capture-decran-2025-10-20-232048.png\" alt=\"\" class=\"wp-image-64\" style=\"width:124px;height:auto\"\/><\/figure>\n<\/div>\n\n\n<p class=\"has-text-align-center\">L&rsquo;\u00e9quipe de CMRT vous accompagne dans l&rsquo;entretien et la maintenance de tout v\u00e9hicule de comp\u00e9tition<\/p>\n<\/div>\n\n\n\n<div class=\"wp-block-column is-layout-flow wp-block-column-is-layout-flow\">\n<h5 class=\"wp-block-heading has-text-align-center\">Location<\/h5>\n\n\n<div class=\"wp-block-image\">\n<figure class=\"aligncenter size-full is-resized\"><img decoding=\"async\" width=\"105\" height=\"115\" src=\"https:\/\/cmrt-team.fr\/wp-content\/uploads\/2025\/10\/Capture-decran-2025-10-20-231752.png\" alt=\"\" class=\"wp-image-62\" style=\"width:100px;height:auto\"\/><\/figure>\n<\/div>\n\n\n<p class=\"has-text-align-center\">Louer un v\u00e9hicule de comp\u00e9tition aupr\u00e9s de passionner de sport auto et venez d\u00e9couvrir de nouvelles sensation<\/p>\n<\/div>\n\n\n\n<div class=\"wp-block-column is-layout-flow wp-block-column-is-layout-flow\">\n<h5 class=\"wp-block-heading has-text-align-center\">Mise au point<\/h5>\n\n\n<div class=\"wp-block-image\">\n<figure class=\"aligncenter size-full is-resized\"><img loading=\"lazy\" decoding=\"async\" width=\"116\" height=\"93\" src=\"https:\/\/cmrt-team.fr\/wp-content\/uploads\/2025\/10\/Capture-decran-2025-10-20-231933.png\" alt=\"\" class=\"wp-image-63\" style=\"width:138px;height:auto\"\/><\/figure>\n<\/div>\n\n\n<p class=\"has-text-align-center\">L&rsquo;\u00e9quipe de CMRT peut vous accompagnez dans le perfectionnement de l&rsquo;exploitation de votre v\u00e9hicule de comp\u00e9tition.<\/p>\n<\/div>\n<\/div>\n\n\n\n<p><\/p>\n\n\n\n<div class=\"wp-block-buttons is-content-justification-center is-layout-flex wp-container-core-buttons-is-layout-16018d1d wp-block-buttons-is-layout-flex\">\n<div class=\"wp-block-button is-style-outline is-style-outline--1\"><a class=\"wp-block-button__link wp-element-button\" href=\"https:\/\/cmrt-team.fr\/?page_id=2\">Actualit\u00e9s<\/a><\/div>\n<\/div>\n\n\n\n<p><\/p>\n","protected":false},"excerpt":{"rendered":"<p>Entretien L&rsquo;\u00e9quipe de CMRT vous accompagne dans l&rsquo;entretien et la maintenance de tout v\u00e9hicule de comp\u00e9tition Location Louer un v\u00e9hicule de comp\u00e9tition aupr\u00e9s de passionner de sport auto et venez d\u00e9couvrir de nouvelles sensation Mise au point L&rsquo;\u00e9quipe de CMRT peut vous accompagnez dans le perfectionnement de l&rsquo;exploitation de votre v\u00e9hicule de comp\u00e9tition.<\/p>\n","protected":false},"author":1,"featured_media":0,"parent":0,"menu_order":1,"comment_status":"closed","ping_status":"closed","template":"","meta":{"footnotes":""},"class_list":["post-12","page","type-page","status-publish","hentry"],"_links":{"self":[{"href":"https:\/\/cmrt-team.fr\/index.php?rest_route=\/wp\/v2\/pages\/12","targetHints":{"allow":["GET"]}}],"collection":[{"href":"https:\/\/cmrt-team.fr\/index.php?rest_route=\/wp\/v2\/pages"}],"about":[{"href":"https:\/\/cmrt-team.fr\/index.php?rest_route=\/wp\/v2\/types\/page"}],"author":[{"embeddable":true,"href":"https:\/\/cmrt-team.fr\/index.php?rest_route=\/wp\/v2\/users\/1"}],"replies":[{"embeddable":true,"href":"https:\/\/cmrt-team.fr\/index.php?rest_route=%2Fwp%2Fv2%2Fcomments&post=12"}],"version-history":[{"count":21,"href":"https:\/\/cmrt-team.fr\/index.php?rest_route=\/wp\/v2\/pages\/12\/revisions"}],"predecessor-version":[{"id":109,"href":"https:\/\/cmrt-team.fr\/index.php?rest_route=\/wp\/v2\/pages\/12\/revisions\/109"}],"wp:attachment":[{"href":"https:\/\/cmrt-team.fr\/index.php?rest_route=%2Fwp%2Fv2%2Fmedia&parent=12"}],"curies":[{"name":"wp","href":"https:\/\/api.w.org\/{rel}","templated":true}]}}